{"id":256,"date":"2024-12-16T08:46:26","date_gmt":"2024-12-16T08:46:26","guid":{"rendered":"https:\/\/nasiprzyjaciele.com\/?page_id=256"},"modified":"2025-01-20T13:21:50","modified_gmt":"2025-01-20T13:21:50","slug":"o-nas","status":"publish","type":"page","link":"https:\/\/nasiprzyjaciele.com\/index.php\/o-nas\/","title":{"rendered":"O NAS"},"content":{"rendered":"\n<div class=\"wp-block-group alignfull badge-onas has-white-color has-text-color has-background has-link-color wp-elements-8b29e533c936e836d767c7a061ecafc1 is-nowrap is-layout-flex wp-container-core-group-is-layout-36c609bc wp-block-group-is-layout-flex\" id=\"custom-page-title\" style=\"background-color:#443f3a;padding-top:var(--wp--preset--spacing--30);padding-right:var(--wp--preset--spacing--30);padding-bottom:var(--wp--preset--spacing--30);padding-left:var(--wp--preset--spacing--30)\">\n<div style=\"height:100px;width:191px\" aria-hidden=\"true\" class=\"wp-block-spacer wp-container-content-95fa7573\"><\/div>\n\n\n\n<div class=\"wp-block-group alignwide is-content-justification-space-between is-layout-flex wp-container-core-group-is-layout-256aec57 wp-block-group-is-layout-flex\">\n<div class=\"wp-block-group is-layout-flex wp-block-group-is-layout-flex\"><div class=\"is-default-size wp-block-site-logo\"><a href=\"https:\/\/nasiprzyjaciele.com\/\" class=\"custom-logo-link\" rel=\"home\"><img fetchpriority=\"high\" decoding=\"async\" width=\"270\" height=\"246\" src=\"https:\/\/nasiprzyjaciele.com\/wp-content\/uploads\/2025\/01\/448559104_25774595288854511_5696922930148178128_n_preview_rev_1-1.png\" class=\"custom-logo\" alt=\"Oferta\" \/><\/a><\/div>\n\n<h1 class=\"wp-block-post-title\">O NAS<\/h1><\/div>\n<\/div>\n<\/div>\n\n\n\n<div style=\"height:16px\" aria-hidden=\"true\" class=\"wp-block-spacer\"><\/div>\n\n\n\n<div class=\"wp-block-group is-content-justification-center is-nowrap is-layout-flex wp-container-core-group-is-layout-94bc23d7 wp-block-group-is-layout-flex\">\n<figure class=\"wp-block-image size-large wp-container-content-69bc4bdf\"><img decoding=\"async\" width=\"1024\" height=\"768\" src=\"https:\/\/nasiprzyjaciele.com\/wp-content\/uploads\/2024\/12\/signal-2024-11-02-140828_002-1024x768.jpeg\" alt=\"\" class=\"wp-image-323\" srcset=\"https:\/\/nasiprzyjaciele.com\/wp-content\/uploads\/2024\/12\/signal-2024-11-02-140828_002-1024x768.jpeg 1024w, https:\/\/nasiprzyjaciele.com\/wp-content\/uploads\/2024\/12\/signal-2024-11-02-140828_002-300x225.jpeg 300w, https:\/\/nasiprzyjaciele.com\/wp-content\/uploads\/2024\/12\/signal-2024-11-02-140828_002-768x576.jpeg 768w, https:\/\/nasiprzyjaciele.com\/wp-content\/uploads\/2024\/12\/signal-2024-11-02-140828_002-1536x1152.jpeg 1536w, https:\/\/nasiprzyjaciele.com\/wp-content\/uploads\/2024\/12\/signal-2024-11-02-140828_002.jpeg 1600w\" sizes=\"(max-width: 1024px) 100vw, 1024px\" \/><\/figure>\n\n\n\n<p class=\"wp-container-content-69bc4bdf\">Witaj w \u201eNasi Przyjaciele\u201d! Je\u015bli trafi\u0142e\u015b do nas, to znaczy, \u017ce kochasz zwierz\u0119ta tak samo jak my. <strong>Nasz sklep zoologiczny w Tarnowie to miejsce stworzone z pasji, do\u015bwiadczenia i mi\u0142o\u015bci do czworonog\u00f3w (i nie tylko!).<\/strong> Jeste\u015bmy tu po to, by zadba\u0107 o Twojego pupila \u2013 od wyboru odpowiedniej karmy, przez zdrowe przysmaki, a\u017c po przyjazn\u0105 atmosfer\u0119, kt\u00f3ra sprawi, \u017ce zakupy u nas stan\u0105 si\u0119 czyst\u0105 przyjemno\u015bci\u0105.\ud83d\udc3e<\/p>\n<\/div>\n\n\n\n<h2 class=\"wp-block-heading\">Jak to si\u0119 zacz\u0119\u0142o\u2026oczywi\u015bcie z pasji do zwierz\u0105t!<\/h2>\n\n\n\n<p>W pierwszej kolejno\u015bci poznajcie Karolin\u0119 \u2013 w\u0142a\u015bcicielk\u0119, pasjonatk\u0119 zwierz\u0105t i prawdziw\u0105 ekspertk\u0119 w swojej dziedzinie. Przez lata zdobywa\u0142a do\u015bwiadczenie w pracy w sklepie zoologicznym, a\u017c w ko\u0144cu postanowi\u0142a stworzy\u0107 w\u0142asne miejsce, kt\u00f3re b\u0119dzie w 100% odpowiada\u0107 jej wizji. I uda\u0142o si\u0119!<\/p>\n\n\n\n<p>Karolina nie tylko zna si\u0119 na swojej pracy, ale te\u017c zara\u017ca innych swoj\u0105 mi\u0142o\u015bci\u0105 do zwierz\u0105t. Klienci cz\u0119sto przychodz\u0105 specjalnie do niej \u2013 po porad\u0119, po rozmow\u0119, a czasem po prostu po to, by wymieni\u0107 si\u0119 do\u015bwiadczeniami i opowiedzie\u0107 o swoim pupilu. Jej ciep\u0142o, wiedza i zaanga\u017cowanie sprawiaj\u0105, \u017ce ka\u017cdy czuje si\u0119 w naszym sklepie tak, jak w swoim w\u0142asnym domu!<\/p>\n\n\n\n<h2 class=\"wp-block-heading\">Dzielimy si\u0119 wiedz\u0105 \u2013 porady \u017cywieniowe dla Twojego pupila<\/h2>\n\n\n\n<p>Czy Tw\u00f3j pies potrzebuje specjalnej diety? A mo\u017ce szukasz karmy dla kota, kt\u00f3ry jest wybredny jak prawdziwy arystokrata? <strong>W \u201eNasi Przyjaciele\u201d znajdziesz nie tylko najwy\u017cszej jako\u015bci produkty, ale te\u017c wsparcie<\/strong>. Ch\u0119tnie dzielimy si\u0119 wiedz\u0105 na temat \u017cywienia zwierz\u0105t \u2013 to jedna z naszych najwi\u0119kszych pasji.<\/p>\n\n\n\n<p>Ka\u017cdy pies i kot jest inny, dlatego pomagamy dobra\u0107 karm\u0119 idealnie dopasowan\u0105 do potrzeb Twojego przyjaciela. Dzi\u0119ki nam masz pewno\u015b\u0107, \u017ce Tw\u00f3j pupil dostaje to, co najlepsze \u2013 zdrow\u0105, wysokiej jako\u015bci karm\u0119 od sprawdzonych marek. Oczywi\u015bcie mo\u017cesz te\u017c liczy\u0107 na kompleksowe porady i wskaz\u00f3wki \u017cywieniowe gryzoni i ptak\u00f3w \u2013 s\u0105 dla nas tak samo wa\u017cni!<\/p>\n\n\n\n<h2 class=\"wp-block-heading\">Zakupy z pupilem? U nas w\u0142a\u015bnie takie s\u0105 najlepsze!<\/h2>\n\n\n\n<p>W \u201eNasi Przyjaciele\u201d Twojego zwierzaka traktujemy jak prawdziwego klienta. Dlatego <strong>z rado\u015bci\u0105 zapraszamy w\u0142a\u015bcicieli na zakupy z ich czworonogami<\/strong>! Tw\u00f3j pies czy kot mog\u0105 swobodnie eksplorowa\u0107 sklep, wybiera\u0107 przysmaki i poznawa\u0107 nowe zabawki.<\/p>\n\n\n\n<p>Ale to nie wszystko \u2013 mamy co\u015b specjalnego dla naszych psich klient\u00f3w. <strong>Gdy przyjdziesz do nas z pupilem, ch\u0119tnie zrobimy mu zdj\u0119cie i umie\u015bcimy je w naszej wyj\u0105tkowej galerii zoo-klient\u00f3w<\/strong>. Twojego zwierzaka b\u0119d\u0105 podziwia\u0107 przechodnie, gdy b\u0119dzie si\u0119 do nich u\u015bmiecha\u0142 ze zdj\u0119cia zza szyby.<\/p>\n\n\n\n<h2 class=\"wp-block-heading\">Pomagamy pomaga\u0107 \u2013 akcja \u201eNakarm bezdomne koty\u201d<\/h2>\n\n\n\n<p>Kochamy zwierz\u0119ta, niezale\u017cnie od tego, czy maj\u0105 dom, czy nie. Dlatego w naszym sklepie <strong>prowadzimy akcj\u0119 \u201ePom\u00f3\u017c nakarmi\u0107 bezdomne koty\u201d<\/strong>. Jak to dzia\u0142a? To proste: klienci mog\u0105 kupi\u0107 karm\u0119 i w\u0142o\u017cy\u0107 j\u0105 do specjalnego koszyka w sklepie. <strong>Zebrane produkty przekazujemy osobom, kt\u00f3re zajmuj\u0105 si\u0119 dokarmianiem bezdomnych kot\u00f3w w Tarnowie<\/strong>.<\/p>\n\n\n\n<p>To inicjatywa, kt\u00f3ra pokazuje, \u017ce razem mo\u017cemy zrobi\u0107 co\u015b dobrego. Ka\u017cda puszka, ka\u017cdy worek karmy to realna pomoc dla zwierz\u0105t, kt\u00f3re czekaj\u0105 na lepsze \u017cycie.<\/p>\n\n\n\n<h2 class=\"wp-block-heading\" id=\"karta\">Karty lojalno\u015bciowe \u2013 bo doceniamy naszych klient\u00f3w<\/h2>\n\n\n\n<p>Chcemy, by ka\u017cdy, kto odwiedza \u201eNasi Przyjaciele\u201d, czu\u0142 si\u0119 wyj\u0105tkowo. Dlatego <strong>wprowadzili\u015bmy Kart\u0119 Wiernego Przyjaciela, dzi\u0119ki kt\u00f3rej nasi klienci mog\u0105 zbiera\u0107 piecz\u0105tki za zakupy powy\u017cej 25 z\u0142 i wymienia\u0107 je na korzystne kupony zni\u017ckowe. Gdy zbierzesz 10 piecz\u0105tek, otrzymasz rabat w wysoko\u015bci 10% na nast\u0119pne zakupy. <\/strong>To nasz spos\u00f3b na podzi\u0119kowanie za okazane zaufanie i lojalno\u015b\u0107. Wierzymy, \u017ce warto nagradza\u0107 tych, kt\u00f3rzy wracaj\u0105 do nas, bo razem przecie\u017c tworzymy spo\u0142eczno\u015b\u0107 mi\u0142o\u015bnik\u00f3w zwierz\u0105t.<\/p>\n\n\n\n<h2 class=\"wp-block-heading\">Niepowtarzalna atmosfera, kt\u00f3ra zara\u017ca pozytywnym samopoczuciem<\/h2>\n\n\n\n<p>Uwielbiamy s\u0142ucha\u0107 opowie\u015bci o Waszych zwierzakach, ich przygodach i charakterach. Nasz sklep t\u0119tni \u017cyciem \u2013 spotykasz u nas machaj\u0105ce ogony oraz futrzane mruczki, jak i us\u0142yszysz szczery \u015bmiech klient\u00f3w, kt\u00f3rzy dziel\u0105 si\u0119 swoimi historiami. U nas nie ma miejsca na nud\u0119 \u2013 jest za to du\u017co u\u015bmiechu, humoru i dobrej energii!<\/p>\n\n\n\n<h2 class=\"wp-block-heading\">Zapraszamy do \u201eNasi Przyjaciele\u201d \u2013 odwied\u017a nas ju\u017c dzi\u015b!<\/h2>\n\n\n\n<p>Jeste\u015bmy dumni, \u017ce n<strong>asz stacjonarny sklep zoologiczny w Tarnowie, przy ul. Bernardy\u0144skiej 2, sta\u0142 si\u0119 miejscem, gdzie w\u0142a\u015bciciele zwierz\u0105t czuj\u0105 si\u0119 jak w domu<\/strong>. Tu liczy si\u0119 pasja, mi\u0142o\u015b\u0107 do zwierz\u0105t i troska o ka\u017cdego pupila.<\/p>\n\n\n\n<p>Przyjd\u017a, poznaj nas, porozmawiaj, a przede wszystkim \u2013 podaruj swojemu zwierzakowi to, co najlepsze. W \u201eNasi Przyjaciele\u201d zawsze czeka na Ciebie ciep\u0142a atmosfera, szeroki wyb\u00f3r produkt\u00f3w i ludzie, kt\u00f3rzy rozumiej\u0105, jak wa\u017cne s\u0105 zwierz\u0119ta. Czekamy na Ciebie i Twojego pupila! \ud83d\ude0a<\/p>\n\n\n\n<p><\/p>\n","protected":false},"excerpt":{"rendered":"<p>Witaj w \u201eNasi Przyjaciele\u201d! Je\u015bli trafi\u0142e\u015b do nas, to znaczy, \u017ce kochasz zwierz\u0119ta tak samo jak my. Nasz sklep zoologiczny w Tarnowie to miejsce stworzone z pasji, do\u015bwiadczenia i mi\u0142o\u015bci do czworonog\u00f3w (i nie tylko!). Jeste\u015bmy tu po to, by zadba\u0107 o Twojego pupila \u2013 od wyboru odpowiedniej karmy, przez zdrowe przysmaki, a\u017c po przyjazn\u0105 [&hellip;]<\/p>\n","protected":false},"author":3,"featured_media":0,"parent":0,"menu_order":0,"comment_status":"closed","ping_status":"closed","template":"","meta":{"footnotes":""},"class_list":["post-256","page","type-page","status-publish","hentry"],"yoast_head":"<!-- This site is optimized with the Yoast SEO plugin v27.4 - https:\/\/yoast.com\/product\/yoast-seo-wordpress\/ -->\n<title>Stacjonarny Sklep Zoologiczny Nasi Przyjaciele w Tarnowie<\/title>\n<meta name=\"description\" content=\"Sklep zoologiczny w Tarnowie pe\u0142en pasji i mi\u0142o\u015bci do zwierz\u0105t. Oferujemy karmy, akcesoria i porady, by Tw\u00f3j pupil by\u0142 szcz\u0119\u015bliwy. Zapraszamy na zakupy stacjonarne.\" \/>\n<meta name=\"robots\" content=\"index, follow, max-snippet:-1, max-image-preview:large, max-video-preview:-1\" \/>\n<link rel=\"canonical\" href=\"https:\/\/nasiprzyjaciele.com\/index.php\/o-nas\/\" \/>\n<meta property=\"og:locale\" content=\"pl_PL\" \/>\n<meta property=\"og:type\" content=\"article\" \/>\n<meta property=\"og:title\" content=\"Stacjonarny Sklep Zoologiczny Nasi Przyjaciele w Tarnowie\" \/>\n<meta property=\"og:description\" content=\"Sklep zoologiczny w Tarnowie pe\u0142en pasji i mi\u0142o\u015bci do zwierz\u0105t. Oferujemy karmy, akcesoria i porady, by Tw\u00f3j pupil by\u0142 szcz\u0119\u015bliwy. Zapraszamy na zakupy stacjonarne.\" \/>\n<meta property=\"og:url\" content=\"https:\/\/nasiprzyjaciele.com\/index.php\/o-nas\/\" \/>\n<meta property=\"og:site_name\" content=\"Oferta\" \/>\n<meta property=\"article:modified_time\" content=\"2025-01-20T13:21:50+00:00\" \/>\n<meta property=\"og:image\" content=\"https:\/\/nasiprzyjaciele.com\/wp-content\/uploads\/2024\/12\/signal-2024-11-02-140828_002-1024x768.jpeg\" \/>\n<meta name=\"twitter:card\" content=\"summary_large_image\" \/>\n<meta name=\"twitter:label1\" content=\"Szacowany czas czytania\" \/>\n\t<meta name=\"twitter:data1\" content=\"5 minut\" \/>\n<script type=\"application\/ld+json\" class=\"yoast-schema-graph\">{\"@context\":\"https:\\\/\\\/schema.org\",\"@graph\":[{\"@type\":\"WebPage\",\"@id\":\"https:\\\/\\\/nasiprzyjaciele.com\\\/index.php\\\/o-nas\\\/\",\"url\":\"https:\\\/\\\/nasiprzyjaciele.com\\\/index.php\\\/o-nas\\\/\",\"name\":\"Stacjonarny Sklep Zoologiczny Nasi Przyjaciele w Tarnowie\",\"isPartOf\":{\"@id\":\"https:\\\/\\\/nasiprzyjaciele.com\\\/#website\"},\"primaryImageOfPage\":{\"@id\":\"https:\\\/\\\/nasiprzyjaciele.com\\\/index.php\\\/o-nas\\\/#primaryimage\"},\"image\":{\"@id\":\"https:\\\/\\\/nasiprzyjaciele.com\\\/index.php\\\/o-nas\\\/#primaryimage\"},\"thumbnailUrl\":\"https:\\\/\\\/nasiprzyjaciele.com\\\/wp-content\\\/uploads\\\/2024\\\/12\\\/signal-2024-11-02-140828_002-1024x768.jpeg\",\"datePublished\":\"2024-12-16T08:46:26+00:00\",\"dateModified\":\"2025-01-20T13:21:50+00:00\",\"description\":\"Sklep zoologiczny w Tarnowie pe\u0142en pasji i mi\u0142o\u015bci do zwierz\u0105t. Oferujemy karmy, akcesoria i porady, by Tw\u00f3j pupil by\u0142 szcz\u0119\u015bliwy. Zapraszamy na zakupy stacjonarne.\",\"breadcrumb\":{\"@id\":\"https:\\\/\\\/nasiprzyjaciele.com\\\/index.php\\\/o-nas\\\/#breadcrumb\"},\"inLanguage\":\"pl-PL\",\"potentialAction\":[{\"@type\":\"ReadAction\",\"target\":[\"https:\\\/\\\/nasiprzyjaciele.com\\\/index.php\\\/o-nas\\\/\"]}]},{\"@type\":\"ImageObject\",\"inLanguage\":\"pl-PL\",\"@id\":\"https:\\\/\\\/nasiprzyjaciele.com\\\/index.php\\\/o-nas\\\/#primaryimage\",\"url\":\"https:\\\/\\\/nasiprzyjaciele.com\\\/wp-content\\\/uploads\\\/2024\\\/12\\\/signal-2024-11-02-140828_002.jpeg\",\"contentUrl\":\"https:\\\/\\\/nasiprzyjaciele.com\\\/wp-content\\\/uploads\\\/2024\\\/12\\\/signal-2024-11-02-140828_002.jpeg\",\"width\":1600,\"height\":1200},{\"@type\":\"BreadcrumbList\",\"@id\":\"https:\\\/\\\/nasiprzyjaciele.com\\\/index.php\\\/o-nas\\\/#breadcrumb\",\"itemListElement\":[{\"@type\":\"ListItem\",\"position\":1,\"name\":\"Strona g\u0142\u00f3wna\",\"item\":\"https:\\\/\\\/nasiprzyjaciele.com\\\/\"},{\"@type\":\"ListItem\",\"position\":2,\"name\":\"O NAS\"}]},{\"@type\":\"WebSite\",\"@id\":\"https:\\\/\\\/nasiprzyjaciele.com\\\/#website\",\"url\":\"https:\\\/\\\/nasiprzyjaciele.com\\\/\",\"name\":\"Nasi Przyjaciele - stacjonarny sklep zoologiczny w Tarnowie\",\"description\":\"Witaj w \u201eNasi Przyjaciele\u201d! Je\u015bli trafi\u0142e\u015b do nas, to znaczy, \u017ce kochasz zwierz\u0119ta tak samo jak my. Nasz sklep zoologiczny w Tarnowie to miejsce stworzone z pasji, do\u015bwiadczenia i mi\u0142o\u015bci do czworonog\u00f3w (i nie tylko!). Jeste\u015bmy tu po to, by zadba\u0107 o Twojego pupila \u2013 od wyboru odpowiedniej karmy, przez zdrowe przysmaki, a\u017c po przyjazn\u0105 atmosfer\u0119, kt\u00f3ra sprawi, \u017ce zakupy u nas stan\u0105 si\u0119 czyst\u0105 przyjemno\u015bci\u0105.\ud83d\udc3e\",\"publisher\":{\"@id\":\"https:\\\/\\\/nasiprzyjaciele.com\\\/#organization\"},\"potentialAction\":[{\"@type\":\"SearchAction\",\"target\":{\"@type\":\"EntryPoint\",\"urlTemplate\":\"https:\\\/\\\/nasiprzyjaciele.com\\\/?s={search_term_string}\"},\"query-input\":{\"@type\":\"PropertyValueSpecification\",\"valueRequired\":true,\"valueName\":\"search_term_string\"}}],\"inLanguage\":\"pl-PL\"},{\"@type\":\"Organization\",\"@id\":\"https:\\\/\\\/nasiprzyjaciele.com\\\/#organization\",\"name\":\"Nasi Przyjaciele - stacjonarny sklep zoologiczny w Tarnowie\",\"url\":\"https:\\\/\\\/nasiprzyjaciele.com\\\/\",\"logo\":{\"@type\":\"ImageObject\",\"inLanguage\":\"pl-PL\",\"@id\":\"https:\\\/\\\/nasiprzyjaciele.com\\\/#\\\/schema\\\/logo\\\/image\\\/\",\"url\":\"https:\\\/\\\/nasiprzyjaciele.com\\\/wp-content\\\/uploads\\\/2025\\\/01\\\/448559104_25774595288854511_5696922930148178128_n_preview_rev_1-1.png\",\"contentUrl\":\"https:\\\/\\\/nasiprzyjaciele.com\\\/wp-content\\\/uploads\\\/2025\\\/01\\\/448559104_25774595288854511_5696922930148178128_n_preview_rev_1-1.png\",\"width\":270,\"height\":246,\"caption\":\"Nasi Przyjaciele - stacjonarny sklep zoologiczny w Tarnowie\"},\"image\":{\"@id\":\"https:\\\/\\\/nasiprzyjaciele.com\\\/#\\\/schema\\\/logo\\\/image\\\/\"}}]}<\/script>\n<!-- \/ Yoast SEO plugin. -->","yoast_head_json":{"title":"Stacjonarny Sklep Zoologiczny Nasi Przyjaciele w Tarnowie","description":"Sklep zoologiczny w Tarnowie pe\u0142en pasji i mi\u0142o\u015bci do zwierz\u0105t. Oferujemy karmy, akcesoria i porady, by Tw\u00f3j pupil by\u0142 szcz\u0119\u015bliwy. Zapraszamy na zakupy stacjonarne.","robots":{"index":"index","follow":"follow","max-snippet":"max-snippet:-1","max-image-preview":"max-image-preview:large","max-video-preview":"max-video-preview:-1"},"canonical":"https:\/\/nasiprzyjaciele.com\/index.php\/o-nas\/","og_locale":"pl_PL","og_type":"article","og_title":"Stacjonarny Sklep Zoologiczny Nasi Przyjaciele w Tarnowie","og_description":"Sklep zoologiczny w Tarnowie pe\u0142en pasji i mi\u0142o\u015bci do zwierz\u0105t. Oferujemy karmy, akcesoria i porady, by Tw\u00f3j pupil by\u0142 szcz\u0119\u015bliwy. Zapraszamy na zakupy stacjonarne.","og_url":"https:\/\/nasiprzyjaciele.com\/index.php\/o-nas\/","og_site_name":"Oferta","article_modified_time":"2025-01-20T13:21:50+00:00","og_image":[{"url":"https:\/\/nasiprzyjaciele.com\/wp-content\/uploads\/2024\/12\/signal-2024-11-02-140828_002-1024x768.jpeg","type":"","width":"","height":""}],"twitter_card":"summary_large_image","twitter_misc":{"Szacowany czas czytania":"5 minut"},"schema":{"@context":"https:\/\/schema.org","@graph":[{"@type":"WebPage","@id":"https:\/\/nasiprzyjaciele.com\/index.php\/o-nas\/","url":"https:\/\/nasiprzyjaciele.com\/index.php\/o-nas\/","name":"Stacjonarny Sklep Zoologiczny Nasi Przyjaciele w Tarnowie","isPartOf":{"@id":"https:\/\/nasiprzyjaciele.com\/#website"},"primaryImageOfPage":{"@id":"https:\/\/nasiprzyjaciele.com\/index.php\/o-nas\/#primaryimage"},"image":{"@id":"https:\/\/nasiprzyjaciele.com\/index.php\/o-nas\/#primaryimage"},"thumbnailUrl":"https:\/\/nasiprzyjaciele.com\/wp-content\/uploads\/2024\/12\/signal-2024-11-02-140828_002-1024x768.jpeg","datePublished":"2024-12-16T08:46:26+00:00","dateModified":"2025-01-20T13:21:50+00:00","description":"Sklep zoologiczny w Tarnowie pe\u0142en pasji i mi\u0142o\u015bci do zwierz\u0105t. Oferujemy karmy, akcesoria i porady, by Tw\u00f3j pupil by\u0142 szcz\u0119\u015bliwy. Zapraszamy na zakupy stacjonarne.","breadcrumb":{"@id":"https:\/\/nasiprzyjaciele.com\/index.php\/o-nas\/#breadcrumb"},"inLanguage":"pl-PL","potentialAction":[{"@type":"ReadAction","target":["https:\/\/nasiprzyjaciele.com\/index.php\/o-nas\/"]}]},{"@type":"ImageObject","inLanguage":"pl-PL","@id":"https:\/\/nasiprzyjaciele.com\/index.php\/o-nas\/#primaryimage","url":"https:\/\/nasiprzyjaciele.com\/wp-content\/uploads\/2024\/12\/signal-2024-11-02-140828_002.jpeg","contentUrl":"https:\/\/nasiprzyjaciele.com\/wp-content\/uploads\/2024\/12\/signal-2024-11-02-140828_002.jpeg","width":1600,"height":1200},{"@type":"BreadcrumbList","@id":"https:\/\/nasiprzyjaciele.com\/index.php\/o-nas\/#breadcrumb","itemListElement":[{"@type":"ListItem","position":1,"name":"Strona g\u0142\u00f3wna","item":"https:\/\/nasiprzyjaciele.com\/"},{"@type":"ListItem","position":2,"name":"O NAS"}]},{"@type":"WebSite","@id":"https:\/\/nasiprzyjaciele.com\/#website","url":"https:\/\/nasiprzyjaciele.com\/","name":"Nasi Przyjaciele - stacjonarny sklep zoologiczny w Tarnowie","description":"Witaj w \u201eNasi Przyjaciele\u201d! Je\u015bli trafi\u0142e\u015b do nas, to znaczy, \u017ce kochasz zwierz\u0119ta tak samo jak my. Nasz sklep zoologiczny w Tarnowie to miejsce stworzone z pasji, do\u015bwiadczenia i mi\u0142o\u015bci do czworonog\u00f3w (i nie tylko!). Jeste\u015bmy tu po to, by zadba\u0107 o Twojego pupila \u2013 od wyboru odpowiedniej karmy, przez zdrowe przysmaki, a\u017c po przyjazn\u0105 atmosfer\u0119, kt\u00f3ra sprawi, \u017ce zakupy u nas stan\u0105 si\u0119 czyst\u0105 przyjemno\u015bci\u0105.\ud83d\udc3e","publisher":{"@id":"https:\/\/nasiprzyjaciele.com\/#organization"},"potentialAction":[{"@type":"SearchAction","target":{"@type":"EntryPoint","urlTemplate":"https:\/\/nasiprzyjaciele.com\/?s={search_term_string}"},"query-input":{"@type":"PropertyValueSpecification","valueRequired":true,"valueName":"search_term_string"}}],"inLanguage":"pl-PL"},{"@type":"Organization","@id":"https:\/\/nasiprzyjaciele.com\/#organization","name":"Nasi Przyjaciele - stacjonarny sklep zoologiczny w Tarnowie","url":"https:\/\/nasiprzyjaciele.com\/","logo":{"@type":"ImageObject","inLanguage":"pl-PL","@id":"https:\/\/nasiprzyjaciele.com\/#\/schema\/logo\/image\/","url":"https:\/\/nasiprzyjaciele.com\/wp-content\/uploads\/2025\/01\/448559104_25774595288854511_5696922930148178128_n_preview_rev_1-1.png","contentUrl":"https:\/\/nasiprzyjaciele.com\/wp-content\/uploads\/2025\/01\/448559104_25774595288854511_5696922930148178128_n_preview_rev_1-1.png","width":270,"height":246,"caption":"Nasi Przyjaciele - stacjonarny sklep zoologiczny w Tarnowie"},"image":{"@id":"https:\/\/nasiprzyjaciele.com\/#\/schema\/logo\/image\/"}}]}},"_links":{"self":[{"href":"https:\/\/nasiprzyjaciele.com\/index.php\/wp-json\/wp\/v2\/pages\/256","targetHints":{"allow":["GET"]}}],"collection":[{"href":"https:\/\/nasiprzyjaciele.com\/index.php\/wp-json\/wp\/v2\/pages"}],"about":[{"href":"https:\/\/nasiprzyjaciele.com\/index.php\/wp-json\/wp\/v2\/types\/page"}],"author":[{"embeddable":true,"href":"https:\/\/nasiprzyjaciele.com\/index.php\/wp-json\/wp\/v2\/users\/3"}],"replies":[{"embeddable":true,"href":"https:\/\/nasiprzyjaciele.com\/index.php\/wp-json\/wp\/v2\/comments?post=256"}],"version-history":[{"count":16,"href":"https:\/\/nasiprzyjaciele.com\/index.php\/wp-json\/wp\/v2\/pages\/256\/revisions"}],"predecessor-version":[{"id":498,"href":"https:\/\/nasiprzyjaciele.com\/index.php\/wp-json\/wp\/v2\/pages\/256\/revisions\/498"}],"wp:attachment":[{"href":"https:\/\/nasiprzyjaciele.com\/index.php\/wp-json\/wp\/v2\/media?parent=256"}],"curies":[{"name":"wp","href":"https:\/\/api.w.org\/{rel}","templated":true}]}}